e 13, what is 121c48a48 + 4?
121c48a4c
In base 12, what is 331 + -6a645?
-6a314
In base 5, what is -240 - 301214?
-302004
In base 3, what is 1011120211221112 + -12?
1011120211221100
In base 13, what is 971b + -97?
9654
In base 6, what is -2 + -101102345531?
-101102345533
In base 13, what is 105783 - -168?
10591b
In base 11, what is -5 + -3928137a?
-39281384
In base 3, what is -11120 + -2101202012?
-2101220202
In base 12, what is 8 - -1078423?
107842b
In base 13, what is -109a + 9a24?
8957
In base 15, what is 20b970 + -8?
20b967
In base 16, what is -f6 - -190f3?
18ffd
In base 8, what is -6 + 777530?
777522
In base 12, what is -137 + -226?
-361
In base 10, what is 233 - -1380957?
1381190
In base 13, what is 494a99c + -b?
494a991
In base 7, what is 45 + 241265?
241343
In base 12, what is 6 - 168b4a?
-168b44
In base 4, what is 1001123230 - 12?
1001123212
In base 10, what is 37988534 + -2?
37988532
In base 7, what is -134 + 12632432?
12632265
In base 2, what is 1001 - 10000010010100000100010?
-10000010010100000011001
In base 5, what is -231424 + 1402210?
1120231
In base 8, what is -15 - 2263527?
-2263544
In base 12, what is 18765 + 10b6?
1985b
In base 12, what is -5 - -797b065?
797b060
In base 6, what is 10445355334 - 1?
10445355333
In base 9, what is -864320 + 218?
-864101
In base 16, what is 250fae + -9d?
250f11
In base 9, what is 3 - -134544356?
134544360
In base 16, what is 75 + ee703?
ee778
In base 9, what is -1510400 + 567?
-1508722
In base 7, what is 13642 + 33136?
50111
In base 9, what is -3 + -16347337?
-16347341
In base 5, what is 14224 - 1242110?
-1222331
In base 2, what is 100 + 1000101010110000110010110010?
1000101010110000110010110110
In base 11, what is 32 + 7a096?
7a118
In base 14, what is 5 + 2711c?
27123
In base 15, what is -1404ea - -2?
-1404e8
In base 16, what is 5d5 - -785?
d5a
In base 6, what is -24000234442 - 1?
-24000234443
In base 15, what is -1647ec - -6?
-1647e6
In base 16, what is -344ca - -66?
-34464
In base 15, what is 32 + -773ac?
-7737a
In base 10, what is -2340665 + 21?
-2340644
In base 8, what is -6373324 + -27?
-6373353
In base 9, what is -11653885 - 12?
-11654007
In base 8, what is 2034114 - 1?
2034113
In base 10, what is -20 + -8824142?
-8824162
In base 7, what is 2 + -40116126?
-40116124
In base 14, what is 1 + -440777b?
-440777a
In base 14, what is 3 - -11ab05?
11ab08
In base 3, what is -21110121 - 201200011?
-1000010202
In base 15, what is 3 - 8271bd3?
-8271bd0
In base 8, what is -34 - -102654742?
102654706
In base 16, what is -1 - -25cfa31?
25cfa30
In base 3, what is 0 + -21001221111222221?
-21001221111222221
In base 16, what is -22e2a - -30?
-22dfa
In base 8, what is 530 - -1126075?
1126625
In base 4, what is -121310202230100 + 0?
-121310202230100
In base 10, what is 2449446 - -11?
2449457
In base 7, what is 50601 + 460?
51361
In base 3, what is 20 + 222201210122000?
222201210122020
In base 6, what is 311153013054 + 2?
311153013100
In base 15, what is -4 + -21ca866?
-21ca86a
In base 8, what is 30224261 + -46?
30224213
In base 8, what is -3 + -11300265?
-11300270
In base 12, what is -1814562 - 0?
-1814562
In base 14, what is 6d3dd5cc + 1?
6d3dd5cd
In base 4, what is 30 - -22221312200?
22221312230
In base 11, what is -157124 - -3?
-157121
In base 4, what is -103 + -23331022?
-23331131
In base 6, what is -40453 - -123?
-40330
In base 9, what is 27762343 + -6?
27762336
In base 14, what is 1a0 + -146cc?
-1452c
In base 15, what is 24 - -1ed49?
1ed6d
In base 13, what is -b63 + 278?
-8b8
In base 9, what is 3 + 1636052?
1636055
In base 15, what is -2 + -1c1d77b?
-1c1d77d
In base 11, what is 10447251a + 1?
104472520
In base 7, what is 20133320 + -6?
20133311
In base 11, what is -5 + 3242026?
3242021
In base 16, what is -4 + -a079846?
-a07984a
In base 12, what is a343293 - 13?
a343280
In base 16, what is -19a576 - -71?
-19a505
In base 12, what is 36a813 - 1a?
36a7b5
In base 9, what is -3305 - -4820?
1514
In base 9, what is 257 - -116160?
116427
In base 10, what is -448466 - 10?
-448476
In base 2, what is 10000101110011111001010 - 10111?
10000101110011110110011
In base 14, what is -3ad338 + 18?
-3ad320
In base 6, what is 102435 + 2112544?
2215423
In base 2, what is 11 - -111110010100100000110110111?
111110010100100000110111010
In base 12, what is 19 + -501118b?
-5011172
In base 5, what is 404330 - -2232?
412112
In base 16, what is 666 - 45a0?
-3f3a
In base 15, what is 19ed3 - dac?
19126
In base 4, what is -30321 - -210013103?
203322122
In base 8, what is 15 + 47133712?
47133727
In base 10, what is 147831 - -1479?
149310
In base 12, what is -1a5 + 2ab49?
2a964
In base 7, what is -4 + -1251512?
-1251516
In base 9, what is 152 + -53870?
-53717
In base 4, what is -1 - 12001011313?
-12001011320
In base 10, what is -56215 - -3810?
-52405
In base 12, what is -5 - 27b54b20?
-27b54b25
In base 3, what is -2221200110002 - 10221?
-2221200121000
In base 2, what is -1 + -10000001111001101110101101?
-10000001111001101110101110
In base 3, what is -1210 + -21011102011?
-21011110221
In base 8, what is -435 - 5635353?
-5636010
In base 14, what is 2 - -186619d?
18661a1
In base 11, what is 2 - -59061a7?
59061a9
In base 8, what is -1324335031 - 0?
-1324335031
In base 3, what is 2012020100122 + -20202?
2012020002220
In base 3, what is 21 + -1012200201102100?
-1012200201102002
In base 11, what is 5348 - a27a?
-4a32
In base 12, what is -21 - 12a3531?
-12a3552
In base 15, what is a60 - 2bd?
792
In base 8, what is -101170256 + 5?
-101170251
In base 4, what is -2131001302 + 23010?
-2130312232
In base 3, what is 122 - -11020021211010?
11020021211202
In base 9, what is -5872223 - 1?
-5872224
In base 10, what is 2 + -196811?
-196809
In base 4, what is 2021 + 1230310?
1232331
In base 14, what is 3578dc + 99?
357997
In base 4, what is -111133333 + 2311?
-111131022
In base 10, what is -171 - -5406?
5235
In base 6, what is -201 - -352243230?
352243025
In base 9, what is 15655523 + -34?
15655478
In base 11, what is -969a552 - 5?
-969a557
In base 4, what is 121211223001310 + 10?
121211223001320
In base 4, what is 23101300211 + 30?
23101300301
In base 6, what is -34101341 + 0?
-34101341
In base 7, what is 25400 + -1615?
23452
In base 4, what is -1302231012120 + 31?
-1302231012023
In base 3, what is 10 + -2021112011?
-2021112001
In base 14, what is -136cc213 + 3?
-136cc210
In base 4, what is -1031313020 - 13?
-1031313033
In base 10, what is 895 - 266107?
-265212
In base 6, what is -3155 + -2242?
-5441
In base 9, what is -422 + -86361?
-86783
In base 2, what is 1101101011 + -11100001110?
-1110100011
In base 12, what is -59 + 470a77?
470a1a
In base 2, what is 100 - 111100111101100100111?
-111100111101100100011
In base 16, what is -93ed5c3 + 0?
-93ed5c3
In base 11, what is 794594 + -49?
794546
In base 13, what is 20b58423 - 3?
20b58420
In base 9, what is -3267 - -43612?
40334
In base 11, what is 7428860 - -5?
7428865
In base 9, what is -46031 - 5432?
-52463
In base 14, what is 2473b + 1143?
25880
In base 4, what is -10 - 12110111330?
-12110112000
In base 11, what is 4 + a7352a?
a73533
In base 3, what is -120 - 2112121112102010?
-2112121112102200
In base 2, what is 100011110011000000 + -100100000?
100011101110100000
In base 4, what is 303130 - -10033200?
11002330
In base 12, what is 3 + b4192a?
b41931
In base 10, what is -215519980 - 2?
-215519982
In base 13, what is -2745a590 + -2?
-2745a592
In base 4, what is 21210 - -2012131?
2100001
In base 7, what is 220 - -3416406?
3416626
In base 10, what is 17 + 1190183?
1190200
In base 9, what is 1561480 + -6?
1561473
In base 11, what is -3704487 + -14?
-37044a0
In base 6, what is 5355444 - -22?
5355510
In base 3, what is 21111200001120012 + -21?
21111200001112221
In base 16, what is -1e4 + e4c8?
e2e4
In base 9, what is -282 + 864?
572
In base 13, what is 9 - 9728a4?
-972898
In base 14, what is -53 - 2d0434?
-2d0487
In base 3, what is 122112120222 - 221?
122112120001
In base 16, what is 7 + -1a7a2?
-1a79b
In base 9, what is -82 - 2457213?
-2457305
In base 9, what is 82001663 + 3?
82001666
In base 15, what is 48c0 + -396?
4529
In base 10, what is 1003741 - 1?
1003740
In base 16, what is 1c5f5 + a15?
1d00a
In base 13, what is -222 - 27c4a?
-2816c
In base 2, what is 11001000010111 + -11100101011011?
-11101000100
In b